/120 + 2*y**5/15 + 5*y**4/24 - 4*y**2. What is the tens digit of r(-7)?
1
Let p = -2 - -4. Suppose p*x = 10, 4*u - 2*x = 13 + 113. What is the tens digit of u?
3
Let s = 30 - 6. What is the tens digit of s?
2
Suppose 0 = -4*w - 3*y - 82, -12 + 78 = -4*w + 5*y. Let n(o) = -5*o + 2. Let g be n(2). Let k = g - w. What is the units digit of k?
1
Let n be 8/12*-3 + 5. Suppose -31 = -n*z + 59. What is the tens digit of z?
3
Suppose 4*t = t. Let y = 10 + t. What is the tens digit of y?
1
Let u(g) = -2*g + 8. Let n be u(7). Let b(i) = -i. What is the units digit of b(n)?
6
What is the units digit of -62*(-4)/8*1?
1
Suppose -5*y + 4 = -1, 0 = -5*u + 2*y - 67. Let r = 2 - u. What is the tens digit of r?
1
Suppose -103 = -x - 3*d, x - 97 = -4*d + 1. What is the hundreds digit of x?
1
Let z = -18 - -27. What is the units digit of z?
9
Let g(o) = 2*o + 6. Let n be g(-8). Let b = n - -23. What is the tens digit of b?
1
Let c be 20/(-15) - 16/(-12). Suppose 4*d + d = -x + 3, 0 = -4*d + 3*x - 9. Suppose c*f + 5*f - 25 = d. What is the units digit of f?
5
Let v(x) = x**2 + 9*x - 8. Let a be v(-10). What is the units digit of ((-16)/(-28))/(a/14)?
4
Let s(j) = j**3 - 10*j + 7. Let g be s(6). Suppose 2*w - g = -47. Suppose -l = 3*u - 14 - 2, -5*l - 4*u + w = 0. What is the units digit of l?
0
Suppose 20*j = 18*j + 50. What is the units digit of j?
5
Suppose 5*v - 3*v = 44. What is the tens digit of v?
2
Let h = 5 - 7. What is the tens digit of 3/(-1) - 34/h?
1
Let u(w) be the third derivative of 0*w**5 + 0*w - 1/24*w**4 + 1/2*w**3 + 0 + 2*w**2 + 1/120*w**6. What is the units digit of u(0)?
3
Let z(h) = -h**3 - 4*h**2 - 2*h - 5. Let i be z(-5). Let q = -13 - -7. What is the units digit of (-18)/(-10) - q/i?
2
Let l(u) be the first derivative of u**4/4 - 10*u**3/3 + u**2/2 - 4*u + 2. What is the units digit of l(10)?
6
Let a = 38 + -35. Suppose -g - 1 = -2. Suppose 4*s = a*s + g. What is the units digit of s?
1
Suppose 2*l - 6 = b - 0, b = l - 3. Let d be 49/3*(1 - -2). Suppose j - 47 = -l*j - i, 0 = 4*j - i - d. What is the units digit of j?
2
Let l(s) = s**3 + 5*s**2 - 3*s - 9. Let t be l(-5). Suppose 0 = 2*a + d - 13, -2*a - 2*d + t*d = -28. What is the units digit of a?
8
Let p = -6 + 6. Suppose -v - v + 38 = p. What is the units digit of v?
9
Let y = -62 + 92. Let j = y - 16. What is the tens digit of j?
1
Let b = -83 + 121. Suppose -4*k + b + 14 = 0. What is the tens digit of k?
1
Let o(f) = -f**2 + 4*f - 3. Let h be o(3). Suppose 4*u = 2*a + 61 - 5, -3*u - 2*a + 49 = h. Suppose 0*z = 3*z - u. What is the units digit of z?
5
Let k(j) = 0*j + j + j**3 + 6*j**2 - 9*j. What is the units digit of k(-7)?
7
Let m(j) be the third derivative of j**5/60 + j**4/8 - j**3/6 + j**2. What is the units digit of m(-4)?
3
Let p = 6 + -3. Suppose z + 18 = p*z. What is the units digit of z?
9
Let r(m) = m**2 + 2*m + 3. Let z be r(-2). Let x = 3 + 0. Suppose c = x*c + 5*t + 4, -4*c = z*t - 20. What is the units digit of c?
8
Let x(r) = 2*r**2 - 4*r + 4. Suppose -p = 2*p - 51. Suppose -2*l = l - 2*y - 17, -l - 5*y - p = 0. What is the tens digit of x(l)?
1
Let k be (1 + -2)/(1/(-5)). Suppose 2*n + 8 + 8 = u, -k*u = -2*n - 56. What is the units digit of u?
0
Let a(y) = 28*y**2 - y + 1. What is the hundreds digit of a(-2)?
1
Suppose 4*p + 2*w = 436, -p = -0*p + 4*w - 123. Let c = p + -68. Suppose c = 3*o + 3*s, -2*s = -4*o - 3*s + 43. What is the units digit of o?
0
Suppose -5*a = 5*v - 90, v = 6*v + 2*a - 81. Let q = v - 9. Suppose 0 = -2*x + q*x - 8. What is the units digit of x?
2
Let r be 3 + (-18)/4*-6. Suppose 5*b - 4*c = -11 + 33, -c = 3*b - 3. What is the units digit of (r/4)/(b/4)?
5
Suppose -w + 2*a + 19 + 27 = 0, -w = -a - 46. What is the tens digit of w?
4
Let i(r) = -5*r + 1 + 13*r**3 - 6*r + 11*r. Let l = 2 + -1. What is the tens digit of i(l)?
1
Let m(v) = 8*v + 6. Let x(j) = -33*j - 24. Let g(r) = -9*m(r) - 2*x(r). What is the units digit of g(-3)?
2
Suppose 6*s = s + 30. What is the units digit of s?
6
Suppose 0 = 4*o - o - 3*h + 57, 5*o = h - 99. Let n = 9 - o. What is the units digit of n?
9
Let z(n) = -n + 1. Let t(r) = 2*r + 3. Let i(l) = -t(l) + 4*z(l). What is the tens digit of i(-4)?
2
Let b(q) = -q**2 - 6*q - 5. Let w = 1 + -5. What is the units digit of b(w)?
3
Let b(w) = 4 - 4 - w. Let k be b(-8). Let x = -2 + k. What is the units digit of x?
6
Let y = -5 - -8. Suppose 0 = -0*n - y*n + 54. What is the units digit of n?
8
Let n = 55 - 36. Suppose -n + 0 = -x. What is the units digit of x?
9
Let o = -161 + 235. What is the tens digit of o?
7
What is the tens digit of (2 - 47/(-2)) + 10/(-20)?
2
Let q be (-1)/(-1 - 56/(-58)). Let l = q - 1. What is the tens digit of l?
2
Suppose -4 + 7 = w. Suppose 0 = 2*b - o - 27, 20 = 4*b + w*o - 49. What is the units digit of b?
5
Let p be ((-4)/3)/((-2)/3). Let m(r) = r - 4 + p + 2*r. What is the units digit of m(3)?
7
Let f(a) = 2 - 1 + 1 + 0 - 2*a + 3*a**2. What is the units digit of f(2)?
0
Suppose 0 = -4*z, 3*l + 5*z + 19 = 52. What is the tens digit of l?
1
Let s be 1/(-2 - (-27)/12). What is the units digit of 3 - s - (-41 - -1)?
9
Let w(a) = 5*a - 1. Let l be w(-1). Let c = l + 7. What is the units digit of c?
1
Let c(k) = 6*k. Suppose 4*f + 3 - 7 = 0. What is the units digit of c(f)?
6
Let o = -32 + 29. What is the units digit of -4 + 63 + (o - -2)?
8
Let o = -26 - -100. What is the tens digit of o?
7
Suppose -2*r + 68 - 8 = 2*k, -r = 3*k - 22. What is the tens digit of r?
3
Suppose 5*n + 11 = -14. Let x = n - -5. Suppose -v + 0 + 7 = x. What is the units digit of v?
7
Suppose 21*f - 270 = 15*f. What is the units digit of f?
5
Let o be 2/(2 + 4*-1). What is the tens digit of 33*-1*o/3?
1
Suppose -5*u + 3 + 1 = 3*s, 0 = -5*u + 2*s + 14. Let q(p) = p + p - 2 + p. What is the units digit of q(u)?
4
Suppose -3*c - 9 = 0, 0*c - 65 = -2*w - 3*c. What is the units digit of w?
7
Suppose -v + 2 = -2. Suppose -m - v*m + 3*c = -81, 0 = -3*m + 2*c + 49. What is the tens digit of m?
1
Suppose -3*z - 2*u + 21 = 0, -4*u = 3*z - 3*u - 21. Suppose 0 = 2*s - z*s - 3*q + 125, -s - 5*q + 47 = 0. What is the tens digit of s?
2
Suppose s + 0*s - 2 = 0. Suppose -5*p = 10, -s*b - p = -4*p - 30. What is the units digit of b?
2
Let q = 160 - 48. What is the units digit of q?
2
Let x(b) = 57*b - 2. Let i be x(2). What is the tens digit of 247/7 - 32/i?
3
Let d(u) = -4*u**3 + 6*u**2 + 4 + u**3 - u - 6*u + 2*u**3. Let a be 0/(-2) - (-3 + -1). What is the units digit of d(a)?
8
Suppose -3 = -2*r - 3*k, -r - 3 = k + 2*k. Suppose -m - 80 = -r*m. What is the tens digit of m?
1
Let s(a) = 2*a**3 - 5*a**2 + 4*a - 3. Let u be s(3). What is the tens digit of u/81 - 205/(-9)?
2
Let y(s) = 3*s**2 + 2*s + 1. What is the units digit of y(3)?
4
Suppose -6*j + 5*j + 34 = 0. What is the units digit of j?
4
Let y = 148 - -1156. What is the units digit of y/24 + (-2)/(-3)?
5
Let n(w) = 5*w. Let x be n(1). Suppose o = -0*o + x. What is the units digit of o?
5
Suppose 0 = -4*d + 16, -6*m = -m + 5*d - 30. Suppose 0 = -m*v + 4*v - 42. What is the units digit of v?
1
Let k(n) = -n**3 + 46. What is the tens digit of k(0)?
4
Let u = 48 + -11. What is the tens digit of u?
3
Let o be 1/(-2) - (-3)/(-2). Let u = 29 + o. Let d = u + -17. What is the tens digit of d?
1
Suppose b = 6*b + 5, 0 = -5*k + 5*b + 15. What is the units digit of 0*(-1)/k + 16?
6
Let x = 2 + -14. Let g(i) be the second derivative of -i**3/6 - 5*i**2/2 + 13*i. What is the units digit of g(x)?
7
Let u(k) = -k**3 - 11*k**2 - 2*k - 2. What is the units digit of u(-11)?
0
Let n = -1 - -3. Let h(m) = n*m**2 - 3*m - 3*m**2 - 2*m. What is the units digit of h(-4)?
4
Let l be (4/5)/((-6)/(-45)). Let j(u) = -u**2 - 6*u + 5. Let s be j(-7). What is the tens digit of (42/(-9))/(s/l)?
1
Let f(p) = p**3 - 5*p**2 - 5*p + 3. Let n(b) = -6*b**3 + b**2 + 2*b + 1. Let y be n(-1). What is the units digit of f(y)?
9
Let b = 16 - 10. What is the units digit of b?
6
Suppose 2*m + 6 = -2*d, -6*d + 52 = -4*m - 2*d. Let x(l) = -4*l - 1. What is the tens digit of x(m)?
3
Let r be -2*(3/(-2) + 2). Suppose -17*u + 40 = -12*u. What is the units digit of ((-3)/12 - r)*u?
6
Suppose -8 = -4*z + 4. Suppose 0*a - z*a = -15. What is the units digit of a?
5
Let v(t) = -t**3 - 7*t**2 + 7*t - 8. Let u be v(-8). Let m(g) = -g + 